highest common factor of w and s.
18
Let h(a) = 4*a**3 + a**2 - 2*a + 3. Let r be h(5). Suppose -4*s - 5*c + 191 = -130, -128 = -2*s + 4*c. What is the greatest common divisor of s and r?
74
Let k = -2403 + 2529. Suppose 3*s + 1 = o - 5, 4*s = 12. Suppose 2*n - 51 + o = 0. Calculate the highest common factor of k and n.
18
Let g be (-146)/(-10) - 4/(-10). Suppose -4*k = 3*f - 0*f + g, k - 3 = 0. Let i = 15 + f. What is the greatest common factor of i and 6?
6
Suppose -132 = -4*i - 28. Let a(u) = -6*u**2 - 389*u - 485. Let m be a(-63). Calculate the highest common divisor of m and i.
26
Let t(z) = -111*z + 741. Let o be t(5). Calculate the highest common divisor of o and 2356.
62
Suppose 0 = 4*z + 3*i + 630, 2*z - 9*i + 308 = -7*i. Let d = z + 205. What is the highest common divisor of d and 21?
7
Suppose -4*p + 92 = 5*o, -5*p - 591*o + 106 = -587*o. What is the greatest common divisor of p and 2286?
18
Let p be 4 - (-1)/((-1 + -2)/(-3)). Suppose -p = m, 2*r - 3*m - 27 - 98 = 0. What is the highest common divisor of 5 and r?
5
Let g be 57855/(-174)*6/(-7). What is the highest common divisor of 405 and g?
15
Suppose -x + 26*x + 39*x - 960 = 0. Suppose 0 = 2*n + 2*k - 206, -n - 5*k = 2*n - 305. What is the highest common factor of x and n?
15
Suppose -33*h = 5*h - h - 95275. Calculate the highest common factor of 25 and h.
25
Let j be -9*(-6)/54*(-3)/6*-1682. Suppose 0 = -4*v + 34 + 82. Calculate the highest common factor of v and j.
29
Suppose 0 = -7*q - 1 + 15. Suppose q = 9*o - 8*o. Suppose -8 = -4*n - h + o, -19 = -3*n + 5*h. Calculate the highest common factor of 3 and n.
3
Let y be (15/(-6)*-26)/(4/12). Suppose -3*o = -8*o + y. Let h be (6/9)/((-1)/(-39)). What is the highest common divisor of h and o?
13
Let z(g) = 3*g + 57. Let k be z(-23). Let f be 2/(-4)*(-14 - k). What is the highest common factor of f and 191?
1
Let i(w) = w**2 + 8*w - 4. Let l be i(8). Suppose 0 = 28*s - 31*s + 42. Suppose -31 = -s*g + 13*g. What is the greatest common divisor of l and g?
31
Let s be 1060 + -3 + (-1)/(-1). Suppose -3*z = -s - 3394. What is the greatest common divisor of 28 and z?
28
Let o = 10698 - 8761. What is the highest common factor of o and 26?
13
Suppose -4*c + c = -504. Let o(a) = 3*a**3 - 117*a**2 + 924*a + 24. Let x be o(28). Calculate the greatest common divisor of x and c.
24
Let g = 471 + -385. Suppose k + 9 - g = -5*l, -2*k + 89 = -3*l. What is the highest common divisor of 26 and k?
26
Let f(b) = 2*b**3 - b**2 + 40*b + 13. Let x be f(9). Calculate the highest common factor of x and 375.
125
Let q = -2263 + 2271. What is the highest common factor of 2192 and q?
8
Suppose -l = 5*d - 12, -5*l + 4*l + 15 = 2*d. What is the greatest common factor of 16439 and l?
17
Let f = -18219 + 31666. Calculate the highest common factor of f and 17.
17
Let o be 5 - (5 + (-8 - 0) + 4). Let h be (-6 - -2) + 1 + o + 28. What is the greatest common factor of h and 232?
29
Suppose 2*k - 3*u - 3467 = 0, -1761*u + 5208 = 3*k - 1763*u. Calculate the greatest common factor of k and 790.
158
Let w be (-3*(8 + -2))/(-2). Let f = 177 - 77. Let o = 172 - f. What is the greatest common divisor of w and o?
9
Let x(f) = 28*f**2 - 8*f + 11. Let w be x(3). Let h = 321 - w. What is the greatest common divisor of 123 and h?
41
Suppose 30 = -5*j, j - 895 = -4*b + 719. Suppose 0 = -5*p - 18 + 168. Calculate the greatest common divisor of p and b.
15
Let y = 208 - 94. Let m(b) = -b**2 + 7*b - 6. Let l = -41 + 44. Let u be m(l). What is the highest common factor of y and u?
6
Suppose 0*x - 2*a + 614 = -5*x, 3*x = -4*a - 384. Let p = -69 - x. Suppose -r + 30 = m - 4*r, r + p = 2*m. Calculate the greatest common divisor of m and 297.
27
Suppose -l + 1466 = a, -15*a + 17*a - 3*l = 2962. What is the greatest common divisor of 10672 and a?
368
Let h = 233 + -206. Suppose b + 3*b - 20 = 0. Suppose -4*c + b*c = 9. Calculate the highest common divisor of c and h.
9
Suppose n - 306 = m - 5*m, 3*m = n - 334. Calculate the greatest common divisor of n and 161.
161
Let v = -7804 - -9964. Calculate the greatest common factor of 8 and v.
8
Let y = -2723 - -4198. Calculate the greatest common factor of y and 25.
25
Let m(c) = 167*c + 7037. Let k be m(-16). What is the highest common factor of k and 225?
45
Let j(a) = -a**3 - 17*a**2 + 25*a + 1. Let l be j(-18). Let n = l - 3. Let r be (-1)/((-4)/78*(-48)/n). What is the greatest common divisor of 78 and r?
26
Let o be (1136/168)/(14/147). Suppose 2*a = -2*a + 1420. What is the greatest common factor of a and o?
71
Let w be (16/(-15) - (-12)/30) + 82/6. Calculate the highest common factor of 247 and w.
13
Suppose 2*s - i - 76 = 0, -2*s + 39 + 37 = 3*i. Calculate the greatest common factor of 171 and s.
19
Suppose -3*f = 2*w - 214, -4*f - 6*w + 4*w = -282. Let g = f - 32. What is the greatest common factor of 252 and g?
36
Suppose 171*o = 4143 + 7143. Let x = 801 - 570. What is the greatest common factor of x and o?
33
Suppose -126 = -2*d + c, 4*c - 18 = -2. Let t = d + -16. What is the highest common divisor of 21 and t?
7
Let i(b) = 14*b + 52. Let v be i(-10). Let t = v + 91. Suppose t*z = o - 30, 4*o + 0*z = z + 76. What is the greatest common factor of 144 and o?
18
Let r be (-339)/(-34)*4 - (12/51)/(-2). What is the highest common factor of 112 and r?
8
Let d be (-154)/(-6) + (-40)/6 + 7. Suppose -4*i = -12, -p + 1329 = 2*p + i. What is the greatest common factor of p and d?
26
Suppose z = 5*t - 8*t + 78, 312 = 4*z - 2*t. Suppose -29*y - 25 = -24*y, -u = -2*y - 127. Calculate the highest common divisor of u and z.
39
Let c = -7958 - -8128. Let n be (-172)/(-5) - (-10)/(-25). Calculate the highest common factor of c and n.
34
Let n be (12 - 1)*(3 + -6). Let q = n + 61. Calculate the greatest common divisor of 224 and q.
28
Let c be 14 + (23 - (19 - -16)). Calculate the highest common factor of 5774 and c.
2
Let m(x) = 2*x**2 + 17*x + 64. Suppose -4*a - 38*o + 36*o - 32 = 0, -2*a = 4*o + 22. Let d be m(a). What is the highest common factor of d and 172?
43
Let w = 13089 + -20162. Let m be (-3)/5 + w/(-55). Calculate the greatest common factor of 224 and m.
32
Let f(o) = 72*o + 172. Let u(y) = 142*y + 346. Let v(t) = 7*f(t) - 3*u(t). Let b be v(-2). Let r = 17 + -2. What is the greatest common divisor of r and b?
5
Suppose 21*l = -4888 + 48694. What is the highest common divisor of 28 and l?
14
Let r be (2 - (8 + -19) - 12)*(-1 + 3839). What is the greatest common divisor of r and 76?
38
Let h = 695 + -691. Suppose 169 = 5*o - h*i, i + 3*i - 95 = -3*o. What is the highest common factor of 319 and o?
11
Let h be (-2 + 156/42)*(-21)/(-6). Let d be 4/((-48)/(-322)) + h/36. What is the greatest common factor of 153 and d?
9
Let l = 2382 - 1652. What is the highest common factor of 90 and l?
10
Suppose 636 = -584*c + 592*c - 2628. What is the greatest common factor of c and 24?
24
Suppose 4*t = -0*s - s - 673, -t - 152 = -3*s. Let r = t - -179. Suppose 0*p = -4*p + 96. Calculate the greatest common factor of p and r.
12
Let o be (-3)/((-3)/(-2))*-1. Let w be 71 - (-5)/((-5)/o). Let r(x) = 250*x - 49227. Let h be r(197). Calculate the greatest common factor of h and w.
23
Suppose -4*j = -5*y + 263 - 103, -156 = 4*j - 4*y. Let m be (44/6)/(12/(-54)). Let f = m - j. Calculate the highest common divisor of 6 and f.
2
Suppose 10*i - 3066 = -553 + 1487. Calculate the highest common divisor of i and 1100.
100
Let p be (-207)/46*(-122 - 0). Suppose d + 5 - 10 = 0, 4*s + d - p = 0. Calculate the greatest common factor of s and 8.
8
Let r be (-175)/(-35)*4/5. Suppose 18 = i + r*i - 4*h, -2*i - 4*h = 4. What is the greatest common divisor of 16 and i?
2
Let o be (-195)/(-6)*12/10. Suppose 2*b = -b + o. Let a(y) = 5*y**2 + 47*y - 147. Let n be a(3). Calculate the greatest common divisor of n and b.
13
Let o = -21292 - -25878. Calculate the greatest common divisor of o and 2.
2
Let m = 607 + -584. Let z(d) = -4 + 9 - 2*d**2 - 2*d**2 + 5*d**2. Let n be z(8). Calculate the greatest common divisor of n and m.
23
Suppose 3*f - 14 = -5*a + 4*a, a = 5*f - 34. Let b = 336 + -509. Let g = 203 + b. Calculate the greatest common factor of g and f.
6
Suppose 5*d - u - u - 100 = 0, 3*d - 4*u = 46. Let w = d + -264. Let y = -125 - w. Calculate the greatest common fac